t - 378425. Determine d(-324).
7
Let j(f) = 6*f**2 + 3283*f + 164984. Calculate j(-56).
-48
Let y(a) = -a**2 - 14865*a + 1195485. Give y(80).
-115
Let b(n) = -n**2 + 14*n + 4796. Calculate b(-59).
489
Let f(u) = -u**3 - 100*u**2 + 258*u + 15854. Give f(-101).
-3
Let k(n) = -n**2 + 255*n - 8409. Determine k(39).
15
Let y(j) = 7*j**3 - 88*j**2 + 252*j - 31. Give y(9).
212
Let q(l) = -190876*l - 572622. Calculate q(-3).
6
Let q(h) = 443*h - 1163. What is q(4)?
609
Let w(c) = 10*c**2 - 2861*c + 65506. Determine w(261).
-5
Let l(q) = -q**3 - 32*q**2 + 1067*q + 8950. Give l(25).
0
Let w(i) = -52*i**3 - 3800*i**2 - 290*i + 155. Give w(-73).
9
Let f(p) = 3080*p + 86331. Determine f(-28).
91
Let i(k) = -k**2 + 638*k - 98840. Determine i(265).
5
Let f(m) = 140*m**2 + 779*m + 277. What is f(-6)?
643
Let d(u) = -8*u**3 + 4714*u**2 - 14075*u + 17. Give d(3).
2
Let i(g) = 5*g**3 + 52*g**2 + 43*g - 681. Determine i(-6).
-147
Let z(j) = 1558*j + 197850. Calculate z(-127).
-16
Let v(q) = 1026*q**2 + 554*q - 3. Calculate v(-1).
469
Let c(a) = 386*a**2 + 4653*a + 14. What is c(-12)?
-238
Let i(o) = 9005*o - 54621. Give i(6).
-591
Let a(p) = -492*p - 98909. What is a(-206)?
2443
Let j(p) = 114*p**2 - 40119*p - 1370. Calculate j(352).
1798
Let j(b) = 2*b**3 - 1065*b**2 - 42*b - 261933. Determine j(533).
-230
Let h(w) = 139*w**2 - 119*w - 230. Calculate h(-3).
1378
Let b(r) = -24*r**2 + 10*r + 2116. Calculate b(0).
2116
Let h(d) = -d**3 - 22*d**2 + 526*d + 11362. Determine h(-22).
-210
Let z(w) = 121*w**2 - 37389*w + 264. What is z(309)?
264
Let p(t) = 451*t - 122882. Give p(272).
-210
Let a(v) = -v**2 + 144*v + 5338. Calculate a(-24).
1306
Let m(z) = 1372*z + 102866. Determine m(-75).
-34
Let o(y) = 9*y**3 + 4710*y**2 + 1570*y + 518. Calculate o(-523).
-5
Let j(d) = -d**3 + 413*d**2 - 828*d + 2532. What is j(411)?
66
Let s(d) = -21*d**3 - 5*d**2 + 396*d - 392. What is s(1)?
-22
Let s(d) = 45369*d + 362895. Calculate s(-8).
-57
Let c(i) = 15*i**3 + 297*i**2 + 714*i + 8. Determine c(-17).
8
Let u(h) = -24*h**2 + 40*h - 30. What is u(2)?
-46
Let r(m) = 1660*m + 161234. Determine r(-97).
214
Let l(t) = -55656*t - 4619411. Give l(-83).
37
Let q(p) = 2*p**3 - 270*p**2 - 862*p + 4712. What is q(138)?
20
Let i(d) = -d**2 + 192*d - 8082. Calculate i(61).
-91
Let c(x) = 99*x**2 - 11069*x + 22131. What is c(2)?
389
Let p(l) = -68015*l**2 + 340077*l - 1. Calculate p(5).
9
Let c(d) = -16*d**2 + 104*d - 81. What is c(-7)?
-1593
Let x(l) = -l**2 - 6421*l - 70517. Determine x(-11).
-7
Let z(x) = x**3 + 265*x**2 + 13271*x + 156. Calculate z(-67).
-179
Let v(b) = -b**3 - 29*b**2 - 397*b - 3357. Calculate v(-17).
-76
Let t(j) = 2759*j - 292447. Determine t(106).
7
Let s(z) = 39440*z - 631049. Determine s(16).
-9
Let l(v) = -v**3 - 3*v**2 + 429*v + 3474. Calculate l(-9).
99
Let t(j) = -2*j**3 - 21*j**2 - 55*j + 2082. Calculate t(7).
-18
Let f(w) = -2124*w + 17474. Give f(8).
482
Let u(a) = 15*a**2 + 174*a - 103. Determine u(-12).
-31
Let u(o) = -2*o**2 - 131*o + 885. What is u(-63)?
1200
Let i(p) = -p**2 + 1794*p + 5381. Determine i(-3).
-10
Let d(w) = 11584*w - 729796. Give d(63).
-4
Let v(n) = 82*n + 1456. Give v(-9).
718
Let i(s) = s**2 - 325*s + 24550. What is i(119)?
36
Let v(k) = 42*k**2 - 61*k - 1612. Give v(7).
19
Let r(h) = -369*h**2 - 27007*h - 5046. What is r(-73)?
64
Let w(d) = -4869*d - 1363308. Give w(-280).
12
Let j(i) = 1092*i - 78851. What is j(72)?
-227
Let l(h) = 4*h + 679. Determine l(-11).
635
Let u(s) = -4455*s - 57. Determine u(0).
-57
Let h(g) = 18193*g - 291097. What is h(16)?
-9
Let f(k) = 2*k**3 + 768*k**2 - 33*k - 12676. Calculate f(-384).
-4
Let x(l) = -3198*l - 6580. Determine x(-2).
-184
Let n(k) = 2*k**3 + 276*k**2 + 529*k - 2215. Give n(-136).
-175
Let w(v) = v**2 - 454*v + 8991. Calculate w(20).
311
Let w(b) = 2*b**3 - 222*b**2 + 1460*b - 240. Determine w(104).
176
Let z(l) = -8213*l + 33324. Give z(4).
472
Let p(a) = a**3 - 106*a**2 - 1584*a - 467. What is p(-13)?
14
Let f(j) = -2*j**3 + 121*j**2 - 1266*j - 109. Give f(47).
32
Let t(v) = v**3 + 154*v**2 + 5756*v + 338. Give t(-64).
594
Let o(x) = 890*x + 28440. Calculate o(-32).
-40
Let d(c) = -c**3 - 11*c**2 + 427*c + 166. Determine d(-26).
-796
Let s(n) = n**2 + 44*n - 3044. What is s(31)?
-719
Let y(v) = -262*v - 4696. Give y(-18).
20
Let d(t) = -t**2 + 63*t - 1042. What is d(34)?
-56
Let i(b) = 5*b**3 - 294*b**2 + 527*b - 13. Give i(57).
785
Let y(b) = -6*b**3 + 25*b**2 - 1360. Determine y(-7).
1923
Let t(g) = -2*g**2 + 236*g + 31605. Give t(-80).
-75
Let i(o) = -2118*o - 104551. Determine i(-49).
-769
Let c(y) = -30*y**3 - 182*y**2 - 422*y - 2462. What is c(-6)?
-2
Let b(d) = -d**2 + 19296*d + 967295. Give b(-50).
-5
Let l(g) = 915*g + 3643. Give l(-6).
-1847
Let h(i) = -35*i**2 + 259*i - 130. Determine h(8).
-298
Let l(j) = -4194*j - 26113. Determine l(-6).
-949
Let d(v) = 2*v**2 - 370993*v + 741981. Calculate d(2).
3
Let u(p) = -3*p**2 - 3968*p + 47911. Calculate u(12).
-137
Let w(q) = 4*q**2 + 351*q - 2409. What is w(-94)?
-59
Let q(h) = -4*h**3 + 88*h**2 - 35*h + 319. Determine q(22).
-451
Let d(b) = -9781*b + 469701. Determine d(48).
213
Let h(v) = -3*v**2 - 8284*v + 158488. Give h(19).
9
Let i(o) = -21*o**3 + 53*o**2 - 4*o - 37. What is i(5)?
-1357
Let n(l) = -4*l**3 + 76*l**2 + 370*l - 7. Determine n(-4).
-15
Let w(s) = -2195*s**2 + 22126*s - 1723. What is w(10)?
37
Let v(b) = 535*b - 22222. Determine v(41).
-287
Let j(q) = 8628*q + 69003. Give j(-8).
-21
Let g(f) = -4052*f - 27891. Calculate g(-7).
473
Let p(t) = 3*t**3 - 172*t**2 + 543*t - 186. What is p(54)?
-24
Let x(l) = 3*l**3 - 35*l**2 - 159*l + 44. What is x(15)?
-91
Let r(v) = 8*v**3 - 1076*v**2 - 535*v - 162. Determine r(135).
513
Let z(w) = -639*w + 3185. Give z(7).
-1288
Let o(a) = -263*a + 23245. Calculate o(94).
-1477
Let o(i) = -12*i**3 - 101*i**2 - 123*i + 225. What is o(1)?
-11
Let l(f) = f**3 - 2505*f**2 - 47963*f + 17661. Determine l(2524).
-7
Let c(t) = -457*t - 86347. Determine c(-189).
26
Let w(i) = 854*i + 5754. Calculate w(-9).
-1932
Let p(c) = -2*c**3 - 54*c**2 + 761*c + 741. Determine p(-37).
-36
Let l(b) = b**2 - 225*b + 12698. Give l(127).
252
Let z(i) = 1086*i + 58607. Determine z(-49).
5393
Let x(v) = -379*v - 9169. Calculate x(-25).
306
Let d(l) = -2540*l + 7462. What is d(3)?
-158
Let b(i) = 1593*i - 6411. What is b(4)?
-39
Let n(j) = 18*j**2 + 323*j + 552. Determine n(-17).
263
Let t(c) = 23*c**2 + 805*c + 10. What is t(0)?
10
Let w(t) = t**3 + 271*t**2 + 2613*t + 1626. Calculate w(-261).
843
Let z(t) = -43*t - 630. What is z(55)?
-2995
Let q(b) = 222054*b + 2886713. Calculate q(-13).
11
Let i(t) = 33569*t + 234993. Give i(-7).
10
Let n(u) = 21974*u - 505259. What is n(23)?
143
Let f(v) = -44*v**2 + 34542*v - 1577. Determine f(785).
-7
Let d(z) = 863*z**2 - 316*z + 316. Give d(1).
863
Let d(h) = -23*h**2 - 6469*h - 39613. Give d(-275).
-13
Let y(j) = -69204*j + 138402. What is y(2)?
-6
Let f(m) = 5386*m - 161585. What is f(30)?
-5
Let v(d) = -d**3 - 87*d**2 - 37*d - 3548. What is v(-87)?
-329
Let y(k) = -3*k**3 - 557*k**2 + 203*k + 3079. What is y(-186)?
-83
Let h(m) = -m**3 - 6*m**2 + 1524*m - 350. Determine h(36).
82
Let k(r) = -14*r**3 - 10*r**2 - 5*r + 30. Give k(2).
-132
Let j(y) = -122*y**2 - 1221*y - 16. Determine j(-9).
1091
Let n(r) = -r**2 + 3253*r - 494848. Determine n(160).
32
Let a(u) = 21*u**2 + 82*u - 699. Calculate a(4).
-35
Let i(g) = 6*g**3 - 436*g**2 - 27*g - 8657. Give i(73).
30
Let n(q) = 68*q**3 + 222*q**2 + 442*q - 4. What is n(-2)?
-544
Let h(c) = c**3 - 39*c**2 - 79*c + 10674. Determine h(25).
-51
Let t(s) = -5*s**3 + s**2 - 3*s - 45. Give t(4).
-361
Let g(s) = s**3 + 86*s**2 + 88*s - 488. What is g(-85)?
-743
Let q(s) = 31*s + 1300. Calculate q(-63).
-653
Let v(q) = -7217*q - 476338. Calculate v(-66).
-16
Let y(m) = -36*m**3 - 64*m**2 + 30*m + 94. Calculate y(-1).
36
Let n(h) = -34462*h + 1447448. What is n(42)?
44
Let w(d) = -5*d**2 - 73*d + 65. Determine w(-22).
-749
Let n(j) = j**2 + 235*j + 2899. Calculate n(-222).
13
Let b(y) = -y**3 + 19*y**2 + 67*y + 195. What is b(21)?
720
Let k(z) = z**2 - 128*z - 2104. Calculate k(-14).
-116
Let t(y) = -y**3 - 38*y**2 + 173*y + 6403. Give t(-38).
-171
Let t(p) = -1734*p - 9459. What is t(-7)?
2679
Let c(b) = -b**2 - 120779*b - 1569